{"id":7112,"date":"2025-12-04T11:14:13","date_gmt":"2025-12-04T11:14:13","guid":{"rendered":"https:\/\/www.unca.edu.py\/?page_id=7112"},"modified":"2026-02-23T14:02:28","modified_gmt":"2026-02-23T14:02:28","slug":"reglamentos-de-investigacion-copy","status":"publish","type":"page","link":"https:\/\/www.unca.edu.py\/?page_id=7112","title":{"rendered":"Grupos de Investigaci\u00f3n"},"content":{"rendered":"\t\t<div data-elementor-type=\"wp-page\" data-elementor-id=\"7112\" class=\"elementor elementor-7112\" data-elementor-post-type=\"page\">\n\t\t\t\t<div class=\"elementor-element elementor-element-d1b5a7c e-flex e-con-boxed e-con e-parent\" data-id=\"d1b5a7c\" data-element_type=\"container\">\n\t\t\t\t\t<div class=\"e-con-inner\">\n\t\t\t\t<div class=\"elementor-element elementor-element-9919810 elementor-view-default elementor-widget elementor-widget-icon\" data-id=\"9919810\" data-element_type=\"widget\" data-widget_type=\"icon.default\">\n\t\t\t\t<div class=\"elementor-widget-container\">\n\t\t\t\t\t<div class=\"elementor-icon-wrapper\">\n\t\t\t<div class=\"elementor-icon\">\n\t\t\t<i aria-hidden=\"true\" class=\"fas fa-user-friends\"><\/i>\t\t\t<\/div>\n\t\t<\/div>\n\t\t\t\t<\/div>\n\t\t\t\t<\/div>\n\t\t\t\t<div class=\"elementor-element elementor-element-33d4abd elementor-widget elementor-widget-heading\" data-id=\"33d4abd\" data-element_type=\"widget\" data-widget_type=\"heading.default\">\n\t\t\t\t<div class=\"elementor-widget-container\">\n\t\t\t<h2 class=\"elementor-heading-title elementor-size-default\">Grupos de Investigaci\u00f3n Aprobados<\/h2>\t\t<\/div>\n\t\t\t\t<\/div>\n\t\t\t\t<div class=\"elementor-element elementor-element-887a0c8 elementor-icon-list--layout-traditional elementor-list-item-link-full_width elementor-widget elementor-widget-icon-list\" data-id=\"887a0c8\" data-element_type=\"widget\" data-widget_type=\"icon-list.default\">\n\t\t\t\t<div class=\"elementor-widget-container\">\n\t\t\t\t\t<ul class=\"elementor-icon-list-items\">\n\t\t\t\t\t\t\t<li class=\"elementor-icon-list-item\">\n\t\t\t\t\t\t\t\t\t\t\t<a href=\"https:\/\/www.unca.edu.py\/wp-content\/uploads\/2025\/12\/RES.-REC-No-380-QUE-APREUBA-LA-CONFORMACION-DEL-GRUPO-DE-INVESTIGACION-GEMA.pdf\" target=\"_blank\">\n\n\t\t\t\t\t\t\t\t\t\t\t\t<span class=\"elementor-icon-list-icon\">\n\t\t\t\t\t\t\t<i aria-hidden=\"true\" class=\"fas fa-file-alt\"><\/i>\t\t\t\t\t\t<\/span>\n\t\t\t\t\t\t\t\t\t\t<span class=\"elementor-icon-list-text\">GRUPO DE ESTUDIOS DE MULTILING\u00dcISMO Y APRENDIZAJE<\/span>\n\t\t\t\t\t\t\t\t\t\t\t<\/a>\n\t\t\t\t\t\t\t\t\t<\/li>\n\t\t\t\t\t\t\t\t<li class=\"elementor-icon-list-item\">\n\t\t\t\t\t\t\t\t\t\t\t<a href=\"https:\/\/www.unca.edu.py\/wp-content\/uploads\/2025\/12\/RES.-REC-No-379-QUE-APRUEBA-LA-CONFORMACION-DEL-GRUPO-DE-INVESTIGACION-GISO-BIO.pdf\">\n\n\t\t\t\t\t\t\t\t\t\t\t\t<span class=\"elementor-icon-list-icon\">\n\t\t\t\t\t\t\t<i aria-hidden=\"true\" class=\"fas fa-file-alt\"><\/i>\t\t\t\t\t\t<\/span>\n\t\t\t\t\t\t\t\t\t\t<span class=\"elementor-icon-list-text\">GRUPO DE INVESTIGACI\u00d3N EN SALUD ORAL Y BIOMATERIALES<\/span>\n\t\t\t\t\t\t\t\t\t\t\t<\/a>\n\t\t\t\t\t\t\t\t\t<\/li>\n\t\t\t\t\t\t\t\t<li class=\"elementor-icon-list-item\">\n\t\t\t\t\t\t\t\t\t\t\t<a href=\"https:\/\/www.unca.edu.py\/wp-content\/uploads\/2025\/12\/RES.-REC-No-390-QUE-APRUEBA-LA-CONFORMACION-DE-GRUPOS-DE-INVESTIGACION-GIAC.pdf\">\n\n\t\t\t\t\t\t\t\t\t\t\t\t<span class=\"elementor-icon-list-icon\">\n\t\t\t\t\t\t\t<i aria-hidden=\"true\" class=\"fas fa-file-alt\"><\/i>\t\t\t\t\t\t<\/span>\n\t\t\t\t\t\t\t\t\t\t<span class=\"elementor-icon-list-text\">\u00a0GRUPO DE INVESTIGACI\u00d3N AMBIENTE Y CLIMA<\/span>\n\t\t\t\t\t\t\t\t\t\t\t<\/a>\n\t\t\t\t\t\t\t\t\t<\/li>\n\t\t\t\t\t\t\t\t<li class=\"elementor-icon-list-item\">\n\t\t\t\t\t\t\t\t\t\t\t<a href=\"https:\/\/www.unca.edu.py\/wp-content\/uploads\/2025\/12\/RES.-REC-No-391-QUE-APRUEBA-LA-CONFORMACION-DEL-GRUPO-DE-INVESTIGACION-DENOMINADO-GICET.pdf\">\n\n\t\t\t\t\t\t\t\t\t\t\t\t<span class=\"elementor-icon-list-icon\">\n\t\t\t\t\t\t\t<i aria-hidden=\"true\" class=\"fas fa-file-alt\"><\/i>\t\t\t\t\t\t<\/span>\n\t\t\t\t\t\t\t\t\t\t<span class=\"elementor-icon-list-text\">GRUPO DE INVESTIGACI\u00d3N EN CURR\u00cdCULUM, EDUCACI\u00d3N Y TECNOLOG\u00cdA<\/span>\n\t\t\t\t\t\t\t\t\t\t\t<\/a>\n\t\t\t\t\t\t\t\t\t<\/li>\n\t\t\t\t\t\t<\/ul>\n\t\t\t\t<\/div>\n\t\t\t\t<\/div>\n\t\t\t\t<div class=\"elementor-element elementor-element-f3273ab elementor-view-stacked elementor-shape-circle elementor-widget elementor-widget-icon\" data-id=\"f3273ab\" data-element_type=\"widget\" data-widget_type=\"icon.default\">\n\t\t\t\t<div class=\"elementor-widget-container\">\n\t\t\t\t\t<div class=\"elementor-icon-wrapper\">\n\t\t\t<div class=\"elementor-icon\">\n\t\t\t<i aria-hidden=\"true\" class=\"fas fa-star\"><\/i>\t\t\t<\/div>\n\t\t<\/div>\n\t\t\t\t<\/div>\n\t\t\t\t<\/div>\n\t\t\t\t<div class=\"elementor-element elementor-element-7b419d5 elementor-widget elementor-widget-heading\" data-id=\"7b419d5\" data-element_type=\"widget\" data-widget_type=\"heading.default\">\n\t\t\t\t<div class=\"elementor-widget-container\">\n\t\t\t<h2 class=\"elementor-heading-title elementor-size-default\">Distinciones<\/h2>\t\t<\/div>\n\t\t\t\t<\/div>\n\t\t\t\t<div class=\"elementor-element elementor-element-70f0d53 elementor-widget elementor-widget-heading\" data-id=\"70f0d53\" data-element_type=\"widget\" data-widget_type=\"heading.default\">\n\t\t\t\t<div class=\"elementor-widget-container\">\n\t\t\t<h3 class=\"elementor-heading-title elementor-size-default\">Premio Nacional<\/h3>\t\t<\/div>\n\t\t\t\t<\/div>\n\t\t\t\t<div class=\"elementor-element elementor-element-6b6fd30 elementor-widget elementor-widget-text-editor\" data-id=\"6b6fd30\" data-element_type=\"widget\" data-widget_type=\"text-editor.default\">\n\t\t\t\t<div class=\"elementor-widget-container\">\n\t\t\t\t\t\t\t<p style=\"text-align: left;\"><a href=\"https:\/\/www.senado.gov.py\/index.php\/noticias\/noticias-presidencia\/14577-ganadores-del-premio-nacional-de-ciencia-2024-reciben-reconocimiento-2024-11-27-16-10-49\"><strong><span style=\"color: #000000;\">Investigaci\u00f3n Titulada \u201cFilogeograf\u00eda y Transmisi\u00f3n de Mycobacterium Tuberculosis abarcando prisiones y comunidades vecinas en Paraguay\u201d.<\/span><\/strong><\/a><\/p>\t\t\t\t\t\t<\/div>\n\t\t\t\t<\/div>\n\t\t\t\t<div class=\"elementor-element elementor-element-b2ac676 elementor-widget elementor-widget-image\" data-id=\"b2ac676\" data-element_type=\"widget\" data-widget_type=\"image.default\">\n\t\t\t\t<div class=\"elementor-widget-container\">\n\t\t\t\t\t\t\t\t\t\t\t\t\t\t<a href=\"https:\/\/www.senado.gov.py\/index.php\/noticias\/noticias-presidencia\/14577-ganadores-del-premio-nacional-de-ciencia-2024-reciben-reconocimiento-2024-11-27-16-10-49\">\n\t\t\t\t\t\t\t<img fetchpriority=\"high\" decoding=\"async\" width=\"640\" height=\"427\" src=\"data:image\/gif;base64,R0lGODlhAQABAIAAAAAAAP\/\/\/yH5BAEAAAAALAAAAAABAAEAAAIBRAA7\" data-src=\"https:\/\/www.unca.edu.py\/wp-content\/uploads\/2025\/12\/WhatsApp_Image_2024-11-27_at_12.17.16_PM_1-768x512.jpeg\" class=\"attachment-medium_large size-medium_large wp-image-7126 lazyload\" alt=\"\" data-srcset=\"https:\/\/www.unca.edu.py\/wp-content\/uploads\/2025\/12\/WhatsApp_Image_2024-11-27_at_12.17.16_PM_1-768x512.jpeg 768w, https:\/\/www.unca.edu.py\/wp-content\/uploads\/2025\/12\/WhatsApp_Image_2024-11-27_at_12.17.16_PM_1-300x200.jpeg 300w, https:\/\/www.unca.edu.py\/wp-content\/uploads\/2025\/12\/WhatsApp_Image_2024-11-27_at_12.17.16_PM_1.jpeg 1280w\" sizes=\"(max-width: 640px) 100vw, 640px\" \/><noscript><img decoding=\"async\" width=\"640\" height=\"427\" src=\"https:\/\/www.unca.edu.py\/wp-content\/uploads\/2025\/12\/WhatsApp_Image_2024-11-27_at_12.17.16_PM_1-768x512.jpeg\" class=\"attachment-medium_large size-medium_large wp-image-7126 lazyload\" alt=\"\" srcset=\"https:\/\/www.unca.edu.py\/wp-content\/uploads\/2025\/12\/WhatsApp_Image_2024-11-27_at_12.17.16_PM_1-768x512.jpeg 768w, https:\/\/www.unca.edu.py\/wp-content\/uploads\/2025\/12\/WhatsApp_Image_2024-11-27_at_12.17.16_PM_1-300x200.jpeg 300w, https:\/\/www.unca.edu.py\/wp-content\/uploads\/2025\/12\/WhatsApp_Image_2024-11-27_at_12.17.16_PM_1.jpeg 1280w\" sizes=\"(max-width: 640px) 100vw, 640px\" \/><\/noscript>\t\t\t\t\t\t\t\t<\/a>\n\t\t\t\t\t\t\t\t\t\t\t\t\t<\/div>\n\t\t\t\t<\/div>\n\t\t\t\t\t<\/div>\n\t\t\t\t<\/div>\n\t\t<div class=\"elementor-element elementor-element-28ef4bf e-flex e-con-boxed e-con e-parent\" data-id=\"28ef4bf\" data-element_type=\"container\">\n\t\t\t\t\t<div class=\"e-con-inner\">\n\t\t\t\t\t<\/div>\n\t\t\t\t<\/div>\n\t\t\t\t<\/div>\n\t\t","protected":false},"excerpt":{"rendered":"<p>Grupos de Investigaci\u00f3n Aprobados GRUPO DE ESTUDIOS DE MULTILING\u00dcISMO Y APRENDIZAJE GRUPO DE INVESTIGACI\u00d3N EN SALUD ORAL Y BIOMATERIALES \u00a0GRUPO DE INVESTIGACI\u00d3N AMBIENTE Y CLIMA GRUPO DE INVESTIGACI\u00d3N EN CURR\u00cdCULUM, EDUCACI\u00d3N Y TECNOLOG\u00cdA Distinciones Premio Nacional Investigaci\u00f3n Titulada \u201cFilogeograf\u00eda y Transmisi\u00f3n de Mycobacterium Tuberculosis abarcando prisiones y comunidades vecinas en Paraguay\u201d.<\/p>\n","protected":false},"author":7,"featured_media":0,"parent":0,"menu_order":0,"comment_status":"closed","ping_status":"closed","template":"template\/fullwidth.php","meta":{"footnotes":""},"class_list":["post-7112","page","type-page","status-publish","hentry"],"_links":{"self":[{"href":"https:\/\/www.unca.edu.py\/index.php?rest_route=\/wp\/v2\/pages\/7112","targetHints":{"allow":["GET"]}}],"collection":[{"href":"https:\/\/www.unca.edu.py\/index.php?rest_route=\/wp\/v2\/pages"}],"about":[{"href":"https:\/\/www.unca.edu.py\/index.php?rest_route=\/wp\/v2\/types\/page"}],"author":[{"embeddable":true,"href":"https:\/\/www.unca.edu.py\/index.php?rest_route=\/wp\/v2\/users\/7"}],"replies":[{"embeddable":true,"href":"https:\/\/www.unca.edu.py\/index.php?rest_route=%2Fwp%2Fv2%2Fcomments&post=7112"}],"version-history":[{"count":31,"href":"https:\/\/www.unca.edu.py\/index.php?rest_route=\/wp\/v2\/pages\/7112\/revisions"}],"predecessor-version":[{"id":8281,"href":"https:\/\/www.unca.edu.py\/index.php?rest_route=\/wp\/v2\/pages\/7112\/revisions\/8281"}],"wp:attachment":[{"href":"https:\/\/www.unca.edu.py\/index.php?rest_route=%2Fwp%2Fv2%2Fmedia&parent=7112"}],"curies":[{"name":"wp","href":"https:\/\/api.w.org\/{rel}","templated":true}]}}