{"id":110,"date":"2023-10-29T22:46:23","date_gmt":"2023-10-29T22:46:23","guid":{"rendered":"https:\/\/www.unca.edu.py\/web\/wordpress\/?page_id=110"},"modified":"2025-10-13T11:42:11","modified_gmt":"2025-10-13T11:42:11","slug":"autoridades","status":"publish","type":"page","link":"https:\/\/www.unca.edu.py\/?page_id=110","title":{"rendered":"Autoridades"},"content":{"rendered":"\t\t<div data-elementor-type=\"wp-page\" data-elementor-id=\"110\" class=\"elementor elementor-110\" data-elementor-post-type=\"page\">\n\t\t\t\t\t\t<section class=\"elementor-section elementor-top-section elementor-element elementor-element-abb1e03 elementor-section-boxed elementor-section-height-default elementor-section-height-default\" data-id=\"abb1e03\" data-element_type=\"section\">\n\t\t\t\t\t\t<div class=\"elementor-container elementor-column-gap-default\">\n\t\t\t\t\t<div class=\"elementor-column elementor-col-100 elementor-top-column elementor-element elementor-element-dd6489a\" data-id=\"dd6489a\" data-element_type=\"column\">\n\t\t\t<div class=\"elementor-widget-wrap elementor-element-populated\">\n\t\t\t\t\t\t<div class=\"elementor-element elementor-element-959124a elementor-widget elementor-widget-heading\" data-id=\"959124a\" data-element_type=\"widget\" data-widget_type=\"heading.default\">\n\t\t\t\t<div class=\"elementor-widget-container\">\n\t\t\t<h2 class=\"elementor-heading-title elementor-size-default\">Rectora<\/h2>\t\t<\/div>\n\t\t\t\t<\/div>\n\t\t\t\t<div class=\"elementor-element elementor-element-e21f5b9 elementor-widget elementor-widget-heading\" data-id=\"e21f5b9\" data-element_type=\"widget\" data-widget_type=\"heading.default\">\n\t\t\t\t<div class=\"elementor-widget-container\">\n\t\t\t<h2 class=\"elementor-heading-title elementor-size-default\">Prof. Mgtr. Mar\u00eda Gloria Mart\u00ednez Blanco<\/h2>\t\t<\/div>\n\t\t\t\t<\/div>\n\t\t\t\t\t<\/div>\n\t\t<\/div>\n\t\t\t\t\t<\/div>\n\t\t<\/section>\n\t\t\t\t<section class=\"elementor-section elementor-top-section elementor-element elementor-element-fe5a20f elementor-section-boxed elementor-section-height-default elementor-section-height-default\" data-id=\"fe5a20f\" data-element_type=\"section\">\n\t\t\t\t\t\t<div class=\"elementor-container elementor-column-gap-default\">\n\t\t\t\t\t<div class=\"elementor-column elementor-col-100 elementor-top-column elementor-element elementor-element-1b2c452\" data-id=\"1b2c452\" data-element_type=\"column\">\n\t\t\t<div class=\"elementor-widget-wrap elementor-element-populated\">\n\t\t\t\t\t\t<div class=\"elementor-element elementor-element-fa3e24a elementor-widget elementor-widget-image\" data-id=\"fa3e24a\" data-element_type=\"widget\" data-widget_type=\"image.default\">\n\t\t\t\t<div class=\"elementor-widget-container\">\n\t\t\t\t\t\t\t\t\t\t\t\t\t<img fetchpriority=\"high\" decoding=\"async\" width=\"640\" height=\"427\" src=\"data:image\/gif;base64,R0lGODlhAQABAIAAAAAAAP\/\/\/yH5BAEAAAAALAAAAAABAAEAAAIBRAA7\" data-src=\"https:\/\/www.unca.edu.py\/wp-content\/uploads\/2024\/02\/Maria-Gloria-Martinez-Blanco-768x512.jpg\" class=\"attachment-medium_large size-medium_large wp-image-3735 lazyload\" alt=\"\" data-srcset=\"https:\/\/www.unca.edu.py\/wp-content\/uploads\/2024\/02\/Maria-Gloria-Martinez-Blanco-768x512.jpg 768w, https:\/\/www.unca.edu.py\/wp-content\/uploads\/2024\/02\/Maria-Gloria-Martinez-Blanco-300x200.jpg 300w, https:\/\/www.unca.edu.py\/wp-content\/uploads\/2024\/02\/Maria-Gloria-Martinez-Blanco-1536x1024.jpg 1536w, https:\/\/www.unca.edu.py\/wp-content\/uploads\/2024\/02\/Maria-Gloria-Martinez-Blanco-2048x1365.jpg 2048w\" sizes=\"(max-width: 640px) 100vw, 640px\" \/><noscript><img decoding=\"async\" width=\"640\" height=\"427\" src=\"https:\/\/www.unca.edu.py\/wp-content\/uploads\/2024\/02\/Maria-Gloria-Martinez-Blanco-768x512.jpg\" class=\"attachment-medium_large size-medium_large wp-image-3735 lazyload\" alt=\"\" srcset=\"https:\/\/www.unca.edu.py\/wp-content\/uploads\/2024\/02\/Maria-Gloria-Martinez-Blanco-768x512.jpg 768w, https:\/\/www.unca.edu.py\/wp-content\/uploads\/2024\/02\/Maria-Gloria-Martinez-Blanco-300x200.jpg 300w, https:\/\/www.unca.edu.py\/wp-content\/uploads\/2024\/02\/Maria-Gloria-Martinez-Blanco-1536x1024.jpg 1536w, https:\/\/www.unca.edu.py\/wp-content\/uploads\/2024\/02\/Maria-Gloria-Martinez-Blanco-2048x1365.jpg 2048w\" sizes=\"(max-width: 640px) 100vw, 640px\" \/><\/noscript>\t\t\t\t\t\t\t\t\t\t\t\t\t<\/div>\n\t\t\t\t<\/div>\n\t\t\t\t\t<\/div>\n\t\t<\/div>\n\t\t\t\t\t<\/div>\n\t\t<\/section>\n\t\t<div class=\"elementor-element elementor-element-2ee486a e-flex e-con-boxed e-con e-parent\" data-id=\"2ee486a\" data-element_type=\"container\">\n\t\t\t\t\t<div class=\"e-con-inner\">\n\t\t\t\t<div class=\"elementor-element elementor-element-3e349dc elementor-widget elementor-widget-heading\" data-id=\"3e349dc\" data-element_type=\"widget\" data-widget_type=\"heading.default\">\n\t\t\t\t<div class=\"elementor-widget-container\">\n\t\t\t<h2 class=\"elementor-heading-title elementor-size-default\">Vicerrectora<\/h2>\t\t<\/div>\n\t\t\t\t<\/div>\n\t\t\t\t<div class=\"elementor-element elementor-element-9b5ee24 elementor-widget elementor-widget-heading\" data-id=\"9b5ee24\" data-element_type=\"widget\" data-widget_type=\"heading.default\">\n\t\t\t\t<div class=\"elementor-widget-container\">\n\t\t\t<h2 class=\"elementor-heading-title elementor-size-default\">Prof. M.V. Rossana Morales de Gonz\u00e1lez<\/h2>\t\t<\/div>\n\t\t\t\t<\/div>\n\t\t\t\t\t<\/div>\n\t\t\t\t<\/div>\n\t\t<div class=\"elementor-element elementor-element-1d73140 e-flex e-con-boxed e-con e-parent\" data-id=\"1d73140\" data-element_type=\"container\">\n\t\t\t\t\t<div class=\"e-con-inner\">\n\t\t\t\t<div class=\"elementor-element elementor-element-6620df8 elementor-widget elementor-widget-image\" data-id=\"6620df8\" data-element_type=\"widget\" data-widget_type=\"image.default\">\n\t\t\t\t<div class=\"elementor-widget-container\">\n\t\t\t\t\t\t\t\t\t\t\t\t\t<img decoding=\"async\" width=\"640\" height=\"427\" src=\"data:image\/gif;base64,R0lGODlhAQABAIAAAAAAAP\/\/\/yH5BAEAAAAALAAAAAABAAEAAAIBRAA7\" data-src=\"https:\/\/www.unca.edu.py\/wp-content\/uploads\/2024\/02\/Rossana-Morales-de-Gonzalez-768x512.jpg\" class=\"attachment-medium_large size-medium_large wp-image-3736 lazyload\" alt=\"\" data-srcset=\"https:\/\/www.unca.edu.py\/wp-content\/uploads\/2024\/02\/Rossana-Morales-de-Gonzalez-768x512.jpg 768w, https:\/\/www.unca.edu.py\/wp-content\/uploads\/2024\/02\/Rossana-Morales-de-Gonzalez-300x200.jpg 300w, https:\/\/www.unca.edu.py\/wp-content\/uploads\/2024\/02\/Rossana-Morales-de-Gonzalez-1536x1024.jpg 1536w, https:\/\/www.unca.edu.py\/wp-content\/uploads\/2024\/02\/Rossana-Morales-de-Gonzalez-2048x1365.jpg 2048w\" sizes=\"(max-width: 640px) 100vw, 640px\" \/><noscript><img loading=\"lazy\" decoding=\"async\" width=\"640\" height=\"427\" src=\"https:\/\/www.unca.edu.py\/wp-content\/uploads\/2024\/02\/Rossana-Morales-de-Gonzalez-768x512.jpg\" class=\"attachment-medium_large size-medium_large wp-image-3736 lazyload\" alt=\"\" srcset=\"https:\/\/www.unca.edu.py\/wp-content\/uploads\/2024\/02\/Rossana-Morales-de-Gonzalez-768x512.jpg 768w, https:\/\/www.unca.edu.py\/wp-content\/uploads\/2024\/02\/Rossana-Morales-de-Gonzalez-300x200.jpg 300w, https:\/\/www.unca.edu.py\/wp-content\/uploads\/2024\/02\/Rossana-Morales-de-Gonzalez-1536x1024.jpg 1536w, https:\/\/www.unca.edu.py\/wp-content\/uploads\/2024\/02\/Rossana-Morales-de-Gonzalez-2048x1365.jpg 2048w\" sizes=\"(max-width: 640px) 100vw, 640px\" \/><\/noscript>\t\t\t\t\t\t\t\t\t\t\t\t\t<\/div>\n\t\t\t\t<\/div>\n\t\t\t\t\t<\/div>\n\t\t\t\t<\/div>\n\t\t\t\t<\/div>\n\t\t","protected":false},"excerpt":{"rendered":"<p>Rectora Prof. Mgtr. Mar\u00eda Gloria Mart\u00ednez Blanco Vicerrectora Prof. M.V. Rossana Morales de Gonz\u00e1lez<\/p>\n","protected":false},"author":7,"featured_media":0,"parent":0,"menu_order":0,"comment_status":"closed","ping_status":"closed","template":"template\/fullwidth.php","meta":{"footnotes":""},"class_list":["post-110","page","type-page","status-publish","hentry"],"_links":{"self":[{"href":"https:\/\/www.unca.edu.py\/index.php?rest_route=\/wp\/v2\/pages\/110","targetHints":{"allow":["GET"]}}],"collection":[{"href":"https:\/\/www.unca.edu.py\/index.php?rest_route=\/wp\/v2\/pages"}],"about":[{"href":"https:\/\/www.unca.edu.py\/index.php?rest_route=\/wp\/v2\/types\/page"}],"author":[{"embeddable":true,"href":"https:\/\/www.unca.edu.py\/index.php?rest_route=\/wp\/v2\/users\/7"}],"replies":[{"embeddable":true,"href":"https:\/\/www.unca.edu.py\/index.php?rest_route=%2Fwp%2Fv2%2Fcomments&post=110"}],"version-history":[{"count":61,"href":"https:\/\/www.unca.edu.py\/index.php?rest_route=\/wp\/v2\/pages\/110\/revisions"}],"predecessor-version":[{"id":6857,"href":"https:\/\/www.unca.edu.py\/index.php?rest_route=\/wp\/v2\/pages\/110\/revisions\/6857"}],"wp:attachment":[{"href":"https:\/\/www.unca.edu.py\/index.php?rest_route=%2Fwp%2Fv2%2Fmedia&parent=110"}],"curies":[{"name":"wp","href":"https:\/\/api.w.org\/{rel}","templated":true}]}}